 4891017?
9
What is the millions digit of 4317538?
4
What is the thousands digit of 1955022?
5
What is the tens digit of 177381?
8
What is the thousands digit of 509251?
9
What is the units digit of 1229137?
7
What is the units digit of 175804?
4
What is the units digit of 309893?
3
What is the thousands digit of 86056?
6
What is the millions digit of 10094745?
0
What is the tens digit of 26070714?
1
What is the hundreds digit of 2611247?
2
What is the tens digit of 258147?
4
What is the tens digit of 8233127?
2
What is the hundreds digit of 127994?
9
What is the tens digit of 18758353?
5
What is the thousands digit of 1437279?
7
What is the hundreds digit of 3210515?
5
What is the hundred thousands digit of 1031764?
0
What is the ten thousands digit of 13789667?
8
What is the hundred thousands digit of 233536?
2
What is the tens digit of 5224346?
4
What is the hundreds digit of 768265?
2
What is the units digit of 489145?
5
What is the ten millions digit of 22158010?
2
What is the hundreds digit of 61647?
6
What is the hundreds digit of 19755237?
2
What is the tens digit of 1529212?
1
What is the units digit of 535980?
0
What is the hundred thousands digit of 341555?
3
What is the ten thousands digit of 722922?
2
What is the millions digit of 1264380?
1
What is the units digit of 31227387?
7
What is the ten thousands digit of 19751166?
5
What is the thousands digit of 9541448?
1
What is the units digit of 24237?
7
What is the hundreds digit of 1637428?
4
What is the hundred thousands digit of 286181?
2
What is the tens digit of 443441?
4
What is the tens digit of 162063?
6
What is the hundred thousands digit of 407568?
4
What is the tens digit of 172932?
3
What is the ten thousands digit of 1678086?
7
What is the tens digit of 200932?
3
What is the hundreds digit of 2833658?
6
What is the tens digit of 1482823?
2
What is the hundred thousands digit of 687367?
6
What is the millions digit of 5545942?
5
What is the units digit of 4231?
1
What is the thousands digit of 6110716?
0
What is the thousands digit of 26558021?
8
What is the hundreds digit of 288643?
6
What is the hundreds digit of 3869268?
2
What is the thousands digit of 5346806?
6
What is the ten thousands digit of 465334?
6
What is the tens digit of 2777812?
1
What is the millions digit of 7143509?
7
What is the tens digit of 604573?
7
What is the thousands digit of 885604?
5
What is the units digit of 7831956?
6
What is the hundred thousands digit of 30915070?
9
What is the hundreds digit of 1149707?
7
What is the tens digit of 1251333?
3
What is the thousands digit of 7135464?
5
What is the ten thousands digit of 52736?
5
What is the ten thousands digit of 19476680?
7
What is the tens digit of 3724231?
3
What is the units digit of 607969?
9
What is the hundreds digit of 114884?
8
What is the hundreds digit of 94704?
7
What is the units digit of 16006579?
9
What is the millions digit of 3617531?
3
What is the units digit of 272852?
2
What is the tens digit of 13242006?
0
What is the thousands digit of 8607320?
7
What is the millions digit of 9793124?
9
What is the ten thousands digit of 9169896?
6
What is the thousands digit of 134729?
4
What is the ten thousands digit of 99411?
9
What is the ten thousands digit of 5303541?
0
What is the tens digit of 5410389?
8
What is the ten thousands digit of 656625?
5
What is the tens digit of 2222565?
6
What is the ten thousands digit of 4392901?
9
What is the thousands digit of 590286?
0
What is the millions digit of 3000288?
3
What is the units digit of 9500606?
6
What is the hundred thousands digit of 3569830?
5
What is the hundreds digit of 402920?
9
What is the units digit of 410702?
2
What is the ten thousands digit of 348831?
4
What is the ten thousands digit of 1673684?
7
What is the hundred thousands digit of 487128?
4
What is the hundreds digit of 1123933?
9
What is the units digit of 411890?
0
What is the units digit of 16339320?
0
What is the tens digit of 2477599?
9
What is the hundreds digit of 2628695?
6
What is the tens digit of 2516738?
3
What is the hundred thousands digit of 332965?
3
What is the tens digit of 996162?
6
What is the units digit of 3488570?
0
What is the ten millions digit of 19643255?
1
What is the units digit of 665599?
9
What is the tens digit of 198571?
7
What is the hundred thousands digit of 6206621?
2
What is the hundred thousands digit of 11299990?
2
What is the millions digit of 7853153?
7
What is the thousands digit of 11367519?
7
What is the units digit of 107114?
4
What is the ten thousands digit of 747868?
4
What is the thousands digit of 2480930?
0
What is the millions digit of 17723531?
7
What is the units digit of 29801?
1
What is the thousands digit of 310502?
0
What is the units digit of 5306050?
0
What is the hundreds digit of 5225556?
5
What is the hundreds digit of 134366?
3
What is the hundreds digit of 303322?
3
What is the ten thousands digit of 32053190?
5
What is the units digit of 948930?
0
What is the thousands digit of 2041001?
1
What is the tens digit of 2276067?
6
What is the units digit of 5515029?
9
What is the ten thousands digit of 459266?
5
What is the hundreds digit of 849337?
3
What is the units digit of 72177?
7
What is the tens digit of 4462?
6
What is the ten thousands digit of 3710898?
1
What is the hundreds digit of 528474?
4
What is the ten thousands digit of 1741592?
4
What is the units digit of 4321291?
1
What is the units digit of 41156?
6
What is the tens digit of 284755?
5
What is the tens digit of 265076?
7
What is the tens digit of 213289?
8
What is the tens digit of 24665535?
3
What is the units digit of 278494?
4
What is the thousands digit of 11294007?
4
What is the units digit of 281923?
3
What is the tens digit of 347763?
6
What is the units digit of 1884093?
3
What is the hundred thousands digit of 651298?
6
What is the ten thousands digit of 22473398?
7
What is the hundred thousands digit of 22577481?
5
What is the hundreds digit of 2735431?
4
What is the thousands digit of 6776495?
6
What is the hundreds digit of 1544219?
2
What is the millions digit of 3228843?
3
What is the units digit of 6386251?
1
What is the tens digit of 120761?
6
What is the millions digit of 5262727?
5
What is the thousands digit of 19482206?
2
What is the hundreds digit of 519987?
9
What is the hundreds digit of 73280?
2
What is the tens digit of 526948?
4
What is the tens digit of 7917762?
6
What is the hundred thousands digit of 612961?
6
What is the hundred thousands digit of 264233?
2
What is the millions digit of 1031473?
1
What is the ten thousands digit of 258621?
5
What is the ten thousands digit of 1317600?
1
What is the hundred thousands digit of 4068005?
0
What is the hundreds digit of 10995245?
2
What is the hundred thousands digit of 2524604?
5
What is the hundreds digit of 2296727?
7
What is the hundreds digit of 3851173?
1
What is the tens digit of 154381?
8
What is the hundreds digit of 646938?
9
What is the units digit of 900875?
5
What is the tens digit of 10677077?
7
What is the thousands digit of 41230661?
0
What is the tens digit of 6569635?
3
What is the tens digit of 431982?
8
What is the tens digit of 1325968?
6
What is the tens digit of 848464?
6
What is the units digit of 5812317?
7
What is the units digit of 3838496?
6
What is the ten millions digit of 17026776?
1
What is the hundreds digit of 957489?
4
What is the thousands digit of 60199?
0
What is the hundred thousands digit of 526702?
5
What is the thousands digit of 20211467?
1
What is the hundreds digit of 466686?
6
What is the hundred thousands digit of 273874?
2
What is the tens digit of 17435192?
9
What is the tens digit of 10393324?
2
What is the millions digit of 2833919?
2
What is the hundreds digit of 822229?
2
What is the hundred thousands digit of 10313325?
3
What is the thousands digit of 115390?
5
What is the hundred thousands digit of 1758433?
7
What is the ten thousands digit of 819261?
1
What is the tens digit of 712591?
9
What is the hundred thousands digit of 165923?
1
What is the hundred thousands digit of 722096?
7
What is the hundreds digit of 45634?
6
What is the tens digit of 206057?
5
What is the hundred thousands digit of 771691?
7
What is the ten thousands digit of